{"id":2948,"date":"2020-06-16T17:02:54","date_gmt":"2020-06-16T17:02:54","guid":{"rendered":"https:\/\/eyecatchercreations.nl\/?post_type=product&#038;p=2948"},"modified":"2021-05-04T16:21:50","modified_gmt":"2021-05-04T16:21:50","slug":"nesrinio-3","status":"publish","type":"product","link":"https:\/\/eyecatchercreations.nl\/?product=nesrinio-3","title":{"rendered":"Nesrinio"},"content":{"rendered":"","protected":false},"excerpt":{"rendered":"<p>Nesrinio ist ein Baby Greif und manchmal noch ein bisschen schl\u00e4frig. Am liebsten h\u00e4lt er sein Schl\u00e4fchen an der frischen Luft zwischen den duftenden Blumen.<\/p>\n","protected":false},"featured_media":2949,"comment_status":"open","ping_status":"closed","template":"","meta":[],"_links":{"self":[{"href":"https:\/\/eyecatchercreations.nl\/index.php?rest_route=\/wp\/v2\/product\/2948"}],"collection":[{"href":"https:\/\/eyecatchercreations.nl\/index.php?rest_route=\/wp\/v2\/product"}],"about":[{"href":"https:\/\/eyecatchercreations.nl\/index.php?rest_route=\/wp\/v2\/types\/product"}],"replies":[{"embeddable":true,"href":"https:\/\/eyecatchercreations.nl\/index.php?rest_route=%2Fwp%2Fv2%2Fcomments&post=2948"}],"wp:featuredmedia":[{"embeddable":true,"href":"https:\/\/eyecatchercreations.nl\/index.php?rest_route=\/wp\/v2\/media\/2949"}],"wp:attachment":[{"href":"https:\/\/eyecatchercreations.nl\/index.php?rest_route=%2Fwp%2Fv2%2Fmedia&parent=2948"}],"curies":[{"name":"wp","href":"https:\/\/api.w.org\/{rel}","templated":true}]}}