{"id":2938,"date":"2020-06-14T13:00:21","date_gmt":"2020-06-14T13:00:21","guid":{"rendered":"https:\/\/eyecatchercreations.nl\/?post_type=product&#038;p=2938"},"modified":"2021-05-04T16:23:27","modified_gmt":"2021-05-04T16:23:27","slug":"tigres-2","status":"publish","type":"product","link":"https:\/\/eyecatchercreations.nl\/?product=tigres-2","title":{"rendered":"Tigres"},"content":{"rendered":"","protected":false},"excerpt":{"rendered":"<p>Tigres ist ein Baby Greif und manchmal noch ein bisschen schl\u00e4frig. Am liebsten h\u00e4lt er sein Schl\u00e4fchen an der frischen Luft zwischen den duftenden Blumen.<\/p>\n","protected":false},"featured_media":2936,"comment_status":"open","ping_status":"closed","template":"","meta":[],"_links":{"self":[{"href":"https:\/\/eyecatchercreations.nl\/index.php?rest_route=\/wp\/v2\/product\/2938"}],"collection":[{"href":"https:\/\/eyecatchercreations.nl\/index.php?rest_route=\/wp\/v2\/product"}],"about":[{"href":"https:\/\/eyecatchercreations.nl\/index.php?rest_route=\/wp\/v2\/types\/product"}],"replies":[{"embeddable":true,"href":"https:\/\/eyecatchercreations.nl\/index.php?rest_route=%2Fwp%2Fv2%2Fcomments&post=2938"}],"wp:featuredmedia":[{"embeddable":true,"href":"https:\/\/eyecatchercreations.nl\/index.php?rest_route=\/wp\/v2\/media\/2936"}],"wp:attachment":[{"href":"https:\/\/eyecatchercreations.nl\/index.php?rest_route=%2Fwp%2Fv2%2Fmedia&parent=2938"}],"curies":[{"name":"wp","href":"https:\/\/api.w.org\/{rel}","templated":true}]}}