{"id":2632,"date":"2019-12-19T13:25:22","date_gmt":"2019-12-19T13:25:22","guid":{"rendered":"https:\/\/eyecatchercreations.nl\/?post_type=product&#038;p=2632"},"modified":"2021-05-04T16:40:17","modified_gmt":"2021-05-04T16:40:17","slug":"caribyana-3","status":"publish","type":"product","link":"https:\/\/eyecatchercreations.nl\/?product=caribyana-3","title":{"rendered":"Caribyana"},"content":{"rendered":"","protected":false},"excerpt":{"rendered":"<p><span id=\"fbPhotoSnowliftCaption\" class=\"fbPhotosPhotoCaption\" tabindex=\"0\" aria-live=\"polite\" data-ft=\"{&quot;tn&quot;:&quot;K&quot;}\"><span class=\"hasCaption\">Caribyana kontrolliert die Gesundheit und Qualit\u00e4t der Muscheln im Meer. Die meiste Zeit des Jahres reist sie in warmem Wasser, wie ihr Name vermuten l\u00e4sst. Aber von nat\u00fcrlich kann und m\u00f6chte sie die Nordsee nicht ignorieren. Sie liebt die individuellen Muscheln, die hier als so normal angesehen werden.<\/span><\/span><\/p>\n","protected":false},"featured_media":2630,"comment_status":"open","ping_status":"closed","template":"","meta":[],"_links":{"self":[{"href":"https:\/\/eyecatchercreations.nl\/index.php?rest_route=\/wp\/v2\/product\/2632"}],"collection":[{"href":"https:\/\/eyecatchercreations.nl\/index.php?rest_route=\/wp\/v2\/product"}],"about":[{"href":"https:\/\/eyecatchercreations.nl\/index.php?rest_route=\/wp\/v2\/types\/product"}],"replies":[{"embeddable":true,"href":"https:\/\/eyecatchercreations.nl\/index.php?rest_route=%2Fwp%2Fv2%2Fcomments&post=2632"}],"wp:featuredmedia":[{"embeddable":true,"href":"https:\/\/eyecatchercreations.nl\/index.php?rest_route=\/wp\/v2\/media\/2630"}],"wp:attachment":[{"href":"https:\/\/eyecatchercreations.nl\/index.php?rest_route=%2Fwp%2Fv2%2Fmedia&parent=2632"}],"curies":[{"name":"wp","href":"https:\/\/api.w.org\/{rel}","templated":true}]}}