{"id":1476,"date":"2019-01-24T21:04:32","date_gmt":"2019-01-24T21:04:32","guid":{"rendered":"https:\/\/eyecatcher-art.nl\/?post_type=product&#038;p=1476"},"modified":"2021-05-05T14:14:14","modified_gmt":"2021-05-05T14:14:14","slug":"minis-blaue-see-7x7cm-staffelei","status":"publish","type":"product","link":"https:\/\/eyecatchercreations.nl\/?product=minis-blaue-see-7x7cm-staffelei","title":{"rendered":"Minis &#8211; Blaue See &#8211; 7x7cm + Staffelei"},"content":{"rendered":"<p>Lieferung beinhaltet<\/p>\n<p>Mini Malerei 7x7cm<\/p>\n<p>passende Staffelei<\/p>\n","protected":false},"excerpt":{"rendered":"<p>Dieses kleine Bild wird sicher ein Pl\u00e4tzchen in deinem Zuhause finden. Mit seinen 7&#215;7 cm braucht es nicht viel Platz, bleibt aber ein echter Eyecatcher. Das kleine St\u00fcckchen Urlaubsgef\u00fchl f\u00fcr zuhause.<\/p>\n","protected":false},"featured_media":1439,"comment_status":"open","ping_status":"closed","template":"","meta":[],"_links":{"self":[{"href":"https:\/\/eyecatchercreations.nl\/index.php?rest_route=\/wp\/v2\/product\/1476"}],"collection":[{"href":"https:\/\/eyecatchercreations.nl\/index.php?rest_route=\/wp\/v2\/product"}],"about":[{"href":"https:\/\/eyecatchercreations.nl\/index.php?rest_route=\/wp\/v2\/types\/product"}],"replies":[{"embeddable":true,"href":"https:\/\/eyecatchercreations.nl\/index.php?rest_route=%2Fwp%2Fv2%2Fcomments&post=1476"}],"wp:featuredmedia":[{"embeddable":true,"href":"https:\/\/eyecatchercreations.nl\/index.php?rest_route=\/wp\/v2\/media\/1439"}],"wp:attachment":[{"href":"https:\/\/eyecatchercreations.nl\/index.php?rest_route=%2Fwp%2Fv2%2Fmedia&parent=1476"}],"curies":[{"name":"wp","href":"https:\/\/api.w.org\/{rel}","templated":true}]}}