{"id":2440,"date":"2019-08-13T21:23:43","date_gmt":"2019-08-13T21:23:43","guid":{"rendered":"https:\/\/eyecatchercreations.nl\/?page_id=2440"},"modified":"2019-08-13T21:27:13","modified_gmt":"2019-08-13T21:27:13","slug":"stimmungen","status":"publish","type":"page","link":"https:\/\/eyecatchercreations.nl\/?page_id=2440","title":{"rendered":"Stimmungen"},"content":{"rendered":"\n<p style=\"text-align:center\" class=\"has-medium-font-size\"><strong>Ziel der Kunst\nist, einfach eine Stimmung zu erzeugen.<\/strong><\/p>\n\n\n\n<p style=\"text-align:center\"><strong>Oscar Wilde (1854\n&#8211; 1900)<\/strong><\/p>\n\n\n\n<p style=\"text-align:center\" class=\"has-medium-font-size\">Ich h\u00f6re, sehe oder f\u00fchle etwas. Etwas Sch\u00f6nes, Trauriges, Schmerzhaftes, Wundersames\u2026 Etwas das mich ber\u00fchrt. Etwas das mich bewegt. Etwas wovon ich denke, dass es das Wert ist zu verbildlichen. Die Dinge die ich f\u00fchle zu verbildlichen oder zu formen, f\u00e4llt mir oft nicht schwer. Oft geschieht es auch unbewusst und ich beginne aus einer Laune heraus mit einem Bild und dann gibt es diese Momente in denen ich etwas ganz bestimmtes ausdr\u00fccken m\u00f6chte, in der Hoffnung auch die Betrachter auf die eine oder andere Art zu ber\u00fchren, zu \u00fcberraschen und in verschiedene Stimmungen zu versetzen.<\/p>\n\n\n\n<p><\/p>\n\n\n\n<p><\/p>\n\n\n\n<p style=\"text-align:left\" class=\"has-large-font-size\"><strong>Hoffnung<\/strong><\/p>\n\n\n\n<div class=\"wp-block-image\"><figure class=\"alignleft is-resized\"><img loading=\"lazy\" src=\"https:\/\/eyecatchercreations.nl\/wp-content\/uploads\/2019\/08\/IMG_2081-1024x682.jpg\" alt=\"\" class=\"wp-image-2441\" width=\"313\" height=\"208\" srcset=\"https:\/\/eyecatchercreations.nl\/wp-content\/uploads\/2019\/08\/IMG_2081-1024x682.jpg 1024w, https:\/\/eyecatchercreations.nl\/wp-content\/uploads\/2019\/08\/IMG_2081-300x200.jpg 300w, https:\/\/eyecatchercreations.nl\/wp-content\/uploads\/2019\/08\/IMG_2081-768x512.jpg 768w, https:\/\/eyecatchercreations.nl\/wp-content\/uploads\/2019\/08\/IMG_2081-750x500.jpg 750w, https:\/\/eyecatchercreations.nl\/wp-content\/uploads\/2019\/08\/IMG_2081-555x370.jpg 555w, https:\/\/eyecatchercreations.nl\/wp-content\/uploads\/2019\/08\/IMG_2081.jpg 1772w\" sizes=\"(max-width: 313px) 100vw, 313px\" \/><\/figure><\/div>\n\n\n\n<p style=\"text-align:left\"> Die innere Ausrichtung auf etwas, wovon man hofft dass es Eintritt. In Erf\u00fcllung geht. Wenn man hofft dass etwas gutes passiert, etwas gut ausgeht oder zu mindestens Sinn ergibt, richtet man sich automatisch darauf aus. Man richtet sein Handeln danach. Manchmal ganz bewusst und manchmal unbewusst. Auch ist man umgeben von Angst, Zweifeln und Verzweiflung, ist es wichtig die innere W\u00e4rme und das Licht zu behalten und nicht zu vergessen wo und wie man verwurzelt ist um den Widrigkeiten zu trotzen und weiter wachsen zu k\u00f6nnen. <br><\/p>\n\n\n\n<p><\/p>\n\n\n\n<p><\/p>\n\n\n\n<p style=\"text-align:right\" class=\"has-large-font-size\"><strong>Erbl\u00fchen<\/strong><\/p>\n\n\n\n<div class=\"wp-block-image\"><figure class=\"alignright is-resized\"><img loading=\"lazy\" src=\"https:\/\/eyecatchercreations.nl\/wp-content\/uploads\/2019\/08\/IMG_4212--1024x682.jpg\" alt=\"\" class=\"wp-image-2443\" width=\"352\" height=\"234\" srcset=\"https:\/\/eyecatchercreations.nl\/wp-content\/uploads\/2019\/08\/IMG_4212--1024x682.jpg 1024w, https:\/\/eyecatchercreations.nl\/wp-content\/uploads\/2019\/08\/IMG_4212--300x200.jpg 300w, https:\/\/eyecatchercreations.nl\/wp-content\/uploads\/2019\/08\/IMG_4212--768x512.jpg 768w, https:\/\/eyecatchercreations.nl\/wp-content\/uploads\/2019\/08\/IMG_4212--750x500.jpg 750w, https:\/\/eyecatchercreations.nl\/wp-content\/uploads\/2019\/08\/IMG_4212--555x370.jpg 555w, https:\/\/eyecatchercreations.nl\/wp-content\/uploads\/2019\/08\/IMG_4212-.jpg 1772w\" sizes=\"(max-width: 352px) 100vw, 352px\" \/><\/figure><\/div>\n\n\n\n<p style=\"text-align:right\">Nach einer kr\u00e4ftezehrenden, schwierigen Periode ist man oft aufgezehrt. Leer. Man f\u00fchlt sich schwer und dunkel. Doch wenn der Sturm sich langsam legt, merkt man, dass die Wurzeln tief gehen und einem immer halt geben werden. man kann langsam die Umgebung mit all ihrer Magie wieder wahrnehmen. Und langsam ganz zaghaft kann man wieder anfangen zu bl\u00fchen. Vielleicht muss man immer mal wieder inne halten, doch die Momente in denen man bl\u00fchen und strahlen darf und auch kann sind heller als lange Zeit davor. <\/p>\n\n\n\n<p><\/p>\n\n\n\n<p style=\"text-align:left\" class=\"has-large-font-size\">Scheinen<\/p>\n\n\n\n<div class=\"wp-block-image\"><figure class=\"alignleft is-resized\"><img loading=\"lazy\" src=\"https:\/\/eyecatchercreations.nl\/wp-content\/uploads\/2019\/08\/IMG_1220-1-1024x682.jpg\" alt=\"\" class=\"wp-image-2446\" width=\"356\" height=\"237\" srcset=\"https:\/\/eyecatchercreations.nl\/wp-content\/uploads\/2019\/08\/IMG_1220-1-1024x682.jpg 1024w, https:\/\/eyecatchercreations.nl\/wp-content\/uploads\/2019\/08\/IMG_1220-1-300x200.jpg 300w, https:\/\/eyecatchercreations.nl\/wp-content\/uploads\/2019\/08\/IMG_1220-1-768x512.jpg 768w, https:\/\/eyecatchercreations.nl\/wp-content\/uploads\/2019\/08\/IMG_1220-1-750x500.jpg 750w, https:\/\/eyecatchercreations.nl\/wp-content\/uploads\/2019\/08\/IMG_1220-1-555x370.jpg 555w, https:\/\/eyecatchercreations.nl\/wp-content\/uploads\/2019\/08\/IMG_1220-1.jpg 1772w\" sizes=\"(max-width: 356px) 100vw, 356px\" \/><\/figure><\/div>\n\n\n\n<p style=\"text-align:left\">Oft kann die Auseinandersetzung mit anderen Meinungen sehr kr\u00e4ftezehrend sein. Das Bed\u00fcrfnis zu wachsen, aber eingeengt zu sein von Meinungen, Standpunkten, Ratschl\u00e4gen und b\u00f6sen Zungen.  Man kann dann schnell seine eigene W\u00e4rme f\u00fcr ein bestimmte Sache  verlieren, doch wenn man alles in einem anderen Licht betrachtet, sind  Standpunkte manchmal einfach nur lieb gemeinte Ratschl\u00e4ge, Meinungen  einfach nur Meinungen die nichts mit einem selber zu tun haben und offen  ausgesprochene Ratschl\u00e4ge kann man annehmen oder eben nicht.   Es ist an einem selbst wie hell man strahlen und wie hoch man wachsen kann <\/p>\n\n\n\n<p><\/p>\n\n\n\n<p style=\"text-align:right\" class=\"has-large-font-size\"><strong>Aufsteigen<\/strong><\/p>\n\n\n\n<div class=\"wp-block-image\"><figure class=\"alignright is-resized\"><img loading=\"lazy\" src=\"https:\/\/eyecatchercreations.nl\/wp-content\/uploads\/2019\/08\/IMG_1216-1024x512.jpg\" alt=\"\" class=\"wp-image-2447\" width=\"413\" height=\"207\" srcset=\"https:\/\/eyecatchercreations.nl\/wp-content\/uploads\/2019\/08\/IMG_1216-1024x512.jpg 1024w, https:\/\/eyecatchercreations.nl\/wp-content\/uploads\/2019\/08\/IMG_1216-300x150.jpg 300w, https:\/\/eyecatchercreations.nl\/wp-content\/uploads\/2019\/08\/IMG_1216-768x384.jpg 768w, https:\/\/eyecatchercreations.nl\/wp-content\/uploads\/2019\/08\/IMG_1216-555x278.jpg 555w, https:\/\/eyecatchercreations.nl\/wp-content\/uploads\/2019\/08\/IMG_1216.jpg 1772w\" sizes=\"(max-width: 413px) 100vw, 413px\" \/><\/figure><\/div>\n\n\n\n<p style=\"text-align:right\"> Ich denke dass jeder Mensch im Laufe seines Lebens viele veriedene Phasen durchmacht. Es ist oft schwer durchzuhalten. Weiter zu machen. Man f\u00fchlt sich gebrochen und alles um einen herum ist dunkel. Doch nach einer schweren Periode kommt immer jemand oder etwas, das einem Licht und Kraft gibt weiter zu machen, zu wachsen oder wieder aufzuerstehen. Eigentlich hat jeder einen imposanten Ph\u00f6nix in sich. Man muss ihm nur Zeit geben, sich zu entfalten. <\/p>\n\n\n\n<p><br><\/p>\n\n\n\n<p style=\"text-align:left\" class=\"has-large-font-size\"><strong>Fasen der Liebe<\/strong><\/p>\n\n\n\n<div class=\"wp-block-image\"><figure class=\"alignleft is-resized\"><img loading=\"lazy\" src=\"https:\/\/eyecatchercreations.nl\/wp-content\/uploads\/2019\/08\/6-1024x1024.jpg\" alt=\"\" class=\"wp-image-2448\" width=\"241\" height=\"241\" srcset=\"https:\/\/eyecatchercreations.nl\/wp-content\/uploads\/2019\/08\/6-1024x1024.jpg 1024w, https:\/\/eyecatchercreations.nl\/wp-content\/uploads\/2019\/08\/6-150x150.jpg 150w, https:\/\/eyecatchercreations.nl\/wp-content\/uploads\/2019\/08\/6-300x300.jpg 300w, https:\/\/eyecatchercreations.nl\/wp-content\/uploads\/2019\/08\/6-768x768.jpg 768w, https:\/\/eyecatchercreations.nl\/wp-content\/uploads\/2019\/08\/6-500x500.jpg 500w, https:\/\/eyecatchercreations.nl\/wp-content\/uploads\/2019\/08\/6-262x262.jpg 262w, https:\/\/eyecatchercreations.nl\/wp-content\/uploads\/2019\/08\/6-555x555.jpg 555w, https:\/\/eyecatchercreations.nl\/wp-content\/uploads\/2019\/08\/6-160x160.jpg 160w\" sizes=\"(max-width: 241px) 100vw, 241px\" \/><\/figure><\/div>\n\n\n\n<p style=\"text-align:left\">Die Liebe ist unendlich vielseitig. Von dem Haustier zum besten Freund oder Freundin, zum Kind, zum Partner. Nichts ist so facettenreich und fordert so viel wie wahre Liebe. Sie fordert alles. Alles was man ist. Was man tut. Wer und wie man ist. Das klingt be\u00e4ngstigend und viele kehren um, an dem Punkt an dem es hei\u00dft alles oder nichts. Doch gibt man dieses letzte bisschen von sich selbst. Geht diesen letzten Schritt zu bedingungsloser Liebe, wird man reicher und gl\u00fccklicher sein, als man es sich w\u00e4hrend all der Schritte und Phasen h\u00e4tte vorstellen k\u00f6nnen. Alles wird strahlend und warm. Ruhig ohne langweilig zu sein. Man ist erf\u00fcllt.<\/p>\n\n\n\n<p style=\"text-align:right\" class=\"has-large-font-size\"><strong>Unendliche Liebe<\/strong><\/p>\n\n\n\n<div class=\"wp-block-image\"><figure class=\"alignright is-resized\"><img loading=\"lazy\" src=\"https:\/\/eyecatchercreations.nl\/wp-content\/uploads\/2019\/08\/IMG_1317-1024x682.jpg\" alt=\"\" class=\"wp-image-2461\" width=\"387\" height=\"258\" srcset=\"https:\/\/eyecatchercreations.nl\/wp-content\/uploads\/2019\/08\/IMG_1317-1024x682.jpg 1024w, https:\/\/eyecatchercreations.nl\/wp-content\/uploads\/2019\/08\/IMG_1317-300x200.jpg 300w, https:\/\/eyecatchercreations.nl\/wp-content\/uploads\/2019\/08\/IMG_1317-768x512.jpg 768w, https:\/\/eyecatchercreations.nl\/wp-content\/uploads\/2019\/08\/IMG_1317-750x500.jpg 750w, https:\/\/eyecatchercreations.nl\/wp-content\/uploads\/2019\/08\/IMG_1317-555x370.jpg 555w, https:\/\/eyecatchercreations.nl\/wp-content\/uploads\/2019\/08\/IMG_1317.jpg 1772w\" sizes=\"(max-width: 387px) 100vw, 387px\" \/><\/figure><\/div>\n\n\n\n<p style=\"text-align:right\">Die unendliche Liebe zur Lilie, voller Symbolik. Einen von ihnen will ich ausf\u00fchren. Das Gef\u00fchl, welches die Lilie hervorruft.&nbsp; In der steifen viktorianischen \u00c4ra wurde es &#8220;nicht getan&#8221;, um zu sagen, wie sich die Menschen f\u00fchlen. Dies wurde gel\u00f6st, indem man den Blumen eine bestimmte Bedeutung verlieh und durch die Floriotechnik bekannt wurde. Die R\u00f6mer benutzten die Lilie als F\u00fcllung f\u00fcr Kissen und Decken wegen ihres k\u00f6stlichen Duftes. So wurden Lilien zu den Verbreitern des Duftes der Liebe. Als eine Dame diese herrlich duftende Lilie bekam, wusste sie ganz sicher: Das ist meine Geliebte.&nbsp; Antonio Porchia sagte dar\u00fcber: <br><em>Die Liebe, wenn sie sich in einer einzigen Bl\u00fcte entfaltet, ist unendlich.<\/em> (Antonio Porchia 1885-1968) <\/p>\n\n\n\n<p style=\"text-align:left\" class=\"has-large-font-size\"><strong>Der Natur liebliche Worte<\/strong><\/p>\n\n\n\n<div class=\"wp-block-image\"><figure class=\"alignleft is-resized\"><img loading=\"lazy\" src=\"https:\/\/eyecatchercreations.nl\/wp-content\/uploads\/2019\/08\/IMG_4057-682x1024.jpg\" alt=\"\" class=\"wp-image-2462\" width=\"233\" height=\"349\" srcset=\"https:\/\/eyecatchercreations.nl\/wp-content\/uploads\/2019\/08\/IMG_4057-682x1024.jpg 682w, https:\/\/eyecatchercreations.nl\/wp-content\/uploads\/2019\/08\/IMG_4057-200x300.jpg 200w, https:\/\/eyecatchercreations.nl\/wp-content\/uploads\/2019\/08\/IMG_4057-768x1152.jpg 768w, https:\/\/eyecatchercreations.nl\/wp-content\/uploads\/2019\/08\/IMG_4057-555x833.jpg 555w, https:\/\/eyecatchercreations.nl\/wp-content\/uploads\/2019\/08\/IMG_4057.jpg 1181w\" sizes=\"(max-width: 233px) 100vw, 233px\" \/><\/figure><\/div>\n\n\n\n<p>Im Symbolismus wird die Magnolie mit Adel, Ausdauer, W\u00fcrde und Liebe zur Natur in Verbindung gebracht. In der chinesischen Kunst repr\u00e4sentiert die Magnolie die weibliche Sch\u00f6nheit. Goethe dr\u00fcckte die Blume als:  <br><em>Blumen sind die sch\u00f6nen Worte und Hieroglyphen der Natur, mit denen sie uns andeutet, wie lieb sie uns hat.<\/em> (Johann Wolfgang von Goethe, 1749-1832) <\/p>\n\n\n\n<p><\/p>\n\n\n\n<p style=\"text-align:right\" class=\"has-large-font-size\"><br> Sommernacht<\/p>\n\n\n\n<div class=\"wp-block-image\"><figure class=\"alignright is-resized\"><img loading=\"lazy\" src=\"https:\/\/eyecatchercreations.nl\/wp-content\/uploads\/2019\/08\/IMG_4173-682x1024.jpg\" alt=\"\" class=\"wp-image-2470\" width=\"288\" height=\"431\" srcset=\"https:\/\/eyecatchercreations.nl\/wp-content\/uploads\/2019\/08\/IMG_4173-682x1024.jpg 682w, https:\/\/eyecatchercreations.nl\/wp-content\/uploads\/2019\/08\/IMG_4173-200x300.jpg 200w, https:\/\/eyecatchercreations.nl\/wp-content\/uploads\/2019\/08\/IMG_4173-768x1152.jpg 768w, https:\/\/eyecatchercreations.nl\/wp-content\/uploads\/2019\/08\/IMG_4173-555x833.jpg 555w, https:\/\/eyecatchercreations.nl\/wp-content\/uploads\/2019\/08\/IMG_4173.jpg 1181w\" sizes=\"(max-width: 288px) 100vw, 288px\" \/><\/figure><\/div>\n\n\n\n<p style=\"text-align:right\">Der Flamingo bringt mich zu einem schw\u00fclen Sommerabend. Das Erlebnis eines sch\u00f6nen Sonnenuntergangs mit dem Bild von im k\u00fchlenden Wasser stehenden&nbsp; Flamingo, suchend nach etwas Essbaren. Dieses Bild erinnert mich an ein Gedicht von Mark Twain:  <br><em>Sommer ist die Zeit, in der es zu hei\u00df ist, um das zu tun,<\/em>  <em>wozu es im Winter zu kalt war.Mark Twain<\/em> <\/p>\n","protected":false},"excerpt":{"rendered":"<p>Ziel der Kunst ist, einfach eine Stimmung zu erzeugen. Oscar Wilde (1854 &#8211; 1900) Ich h\u00f6re, sehe oder f\u00fchle etwas. Etwas Sch\u00f6nes, Trauriges, Schmerzhaftes, Wundersames\u2026 Etwas das mich ber\u00fchrt. Etwas das mich bewegt. Etwas wovon ich denke, dass es das Wert ist zu verbildlichen. Die Dinge die ich f\u00fchle zu verbildlichen oder zu formen, f\u00e4llt [&hellip;]<\/p>\n","protected":false},"author":1,"featured_media":0,"parent":0,"menu_order":0,"comment_status":"closed","ping_status":"closed","template":"template-fullwidth.php","meta":[],"_links":{"self":[{"href":"https:\/\/eyecatchercreations.nl\/index.php?rest_route=\/wp\/v2\/pages\/2440"}],"collection":[{"href":"https:\/\/eyecatchercreations.nl\/index.php?rest_route=\/wp\/v2\/pages"}],"about":[{"href":"https:\/\/eyecatchercreations.nl\/index.php?rest_route=\/wp\/v2\/types\/page"}],"author":[{"embeddable":true,"href":"https:\/\/eyecatchercreations.nl\/index.php?rest_route=\/wp\/v2\/users\/1"}],"replies":[{"embeddable":true,"href":"https:\/\/eyecatchercreations.nl\/index.php?rest_route=%2Fwp%2Fv2%2Fcomments&post=2440"}],"version-history":[{"count":24,"href":"https:\/\/eyecatchercreations.nl\/index.php?rest_route=\/wp\/v2\/pages\/2440\/revisions"}],"predecessor-version":[{"id":2475,"href":"https:\/\/eyecatchercreations.nl\/index.php?rest_route=\/wp\/v2\/pages\/2440\/revisions\/2475"}],"wp:attachment":[{"href":"https:\/\/eyecatchercreations.nl\/index.php?rest_route=%2Fwp%2Fv2%2Fmedia&parent=2440"}],"curies":[{"name":"wp","href":"https:\/\/api.w.org\/{rel}","templated":true}]}}