{"id":14,"date":"2018-07-20T23:16:30","date_gmt":"2018-07-20T23:16:30","guid":{"rendered":"http:\/\/eyecatcher-art.nl\/?page_id=14"},"modified":"2020-04-22T17:38:38","modified_gmt":"2020-04-22T17:38:38","slug":"minis","status":"publish","type":"page","link":"https:\/\/eyecatchercreations.nl\/?page_id=14","title":{"rendered":"Minis DE"},"content":{"rendered":"<h4 style=\"text-align: center;\"><\/h4>\n<h4 style=\"text-align: center;\">Nicht gen\u00fcgend Platz f\u00fcr ein gro\u00dfes Kunstwerk? Kein Problem. Hier findest du eine Auswahl von kleinen Werken, die mit ihren gerade mal 7x7cm sicher ein Pl\u00e4tzchen in deinem Zuhause finden.<\/h4>\n<div id='gallery-1' class='gallery galleryid-14 gallery-columns-4 gallery-size-medium'><figure class='gallery-item'>\n\t\t\t<div class='gallery-icon landscape'>\n\t\t\t\t<a href='https:\/\/eyecatchercreations.nl\/?attachment_id=1440'><img width=\"300\" height=\"200\" src=\"https:\/\/eyecatchercreations.nl\/wp-content\/uploads\/2019\/01\/IMG_1433-300x200.jpg\" class=\"attachment-medium size-medium\" alt=\"\" loading=\"lazy\" srcset=\"https:\/\/eyecatchercreations.nl\/wp-content\/uploads\/2019\/01\/IMG_1433-300x200.jpg 300w, https:\/\/eyecatchercreations.nl\/wp-content\/uploads\/2019\/01\/IMG_1433-768x512.jpg 768w, https:\/\/eyecatchercreations.nl\/wp-content\/uploads\/2019\/01\/IMG_1433-1024x682.jpg 1024w, https:\/\/eyecatchercreations.nl\/wp-content\/uploads\/2019\/01\/IMG_1433-750x500.jpg 750w, https:\/\/eyecatchercreations.nl\/wp-content\/uploads\/2019\/01\/IMG_1433-555x370.jpg 555w, https:\/\/eyecatchercreations.nl\/wp-content\/uploads\/2019\/01\/IMG_1433.jpg 1772w\" sizes=\"(max-width: 300px) 100vw, 300px\" \/><\/a>\n\t\t\t<\/div><\/figure><figure class='gallery-item'>\n\t\t\t<div class='gallery-icon landscape'>\n\t\t\t\t<a href='https:\/\/eyecatchercreations.nl\/?attachment_id=1545'><img width=\"300\" height=\"200\" src=\"https:\/\/eyecatchercreations.nl\/wp-content\/uploads\/2019\/01\/IMG_1432-300x200.jpg\" class=\"attachment-medium size-medium\" alt=\"\" loading=\"lazy\" srcset=\"https:\/\/eyecatchercreations.nl\/wp-content\/uploads\/2019\/01\/IMG_1432-300x200.jpg 300w, https:\/\/eyecatchercreations.nl\/wp-content\/uploads\/2019\/01\/IMG_1432-768x512.jpg 768w, https:\/\/eyecatchercreations.nl\/wp-content\/uploads\/2019\/01\/IMG_1432-1024x682.jpg 1024w, https:\/\/eyecatchercreations.nl\/wp-content\/uploads\/2019\/01\/IMG_1432-750x500.jpg 750w, https:\/\/eyecatchercreations.nl\/wp-content\/uploads\/2019\/01\/IMG_1432-555x370.jpg 555w, https:\/\/eyecatchercreations.nl\/wp-content\/uploads\/2019\/01\/IMG_1432.jpg 1772w\" sizes=\"(max-width: 300px) 100vw, 300px\" \/><\/a>\n\t\t\t<\/div><\/figure><figure class='gallery-item'>\n\t\t\t<div class='gallery-icon landscape'>\n\t\t\t\t<a href='https:\/\/eyecatchercreations.nl\/?attachment_id=1449'><img width=\"300\" height=\"200\" src=\"https:\/\/eyecatchercreations.nl\/wp-content\/uploads\/2019\/01\/IMG_1434-1-300x200.jpg\" class=\"attachment-medium size-medium\" alt=\"\" loading=\"lazy\" srcset=\"https:\/\/eyecatchercreations.nl\/wp-content\/uploads\/2019\/01\/IMG_1434-1-300x200.jpg 300w, https:\/\/eyecatchercreations.nl\/wp-content\/uploads\/2019\/01\/IMG_1434-1-768x512.jpg 768w, https:\/\/eyecatchercreations.nl\/wp-content\/uploads\/2019\/01\/IMG_1434-1-1024x682.jpg 1024w, https:\/\/eyecatchercreations.nl\/wp-content\/uploads\/2019\/01\/IMG_1434-1-750x500.jpg 750w, https:\/\/eyecatchercreations.nl\/wp-content\/uploads\/2019\/01\/IMG_1434-1-555x370.jpg 555w, https:\/\/eyecatchercreations.nl\/wp-content\/uploads\/2019\/01\/IMG_1434-1.jpg 1772w\" sizes=\"(max-width: 300px) 100vw, 300px\" \/><\/a>\n\t\t\t<\/div><\/figure><figure class='gallery-item'>\n\t\t\t<div class='gallery-icon landscape'>\n\t\t\t\t<a href='https:\/\/eyecatchercreations.nl\/?attachment_id=1445'><img width=\"300\" height=\"200\" src=\"https:\/\/eyecatchercreations.nl\/wp-content\/uploads\/2019\/01\/IMG_1431-300x200.jpg\" class=\"attachment-medium size-medium\" alt=\"\" loading=\"lazy\" srcset=\"https:\/\/eyecatchercreations.nl\/wp-content\/uploads\/2019\/01\/IMG_1431-300x200.jpg 300w, https:\/\/eyecatchercreations.nl\/wp-content\/uploads\/2019\/01\/IMG_1431-768x512.jpg 768w, https:\/\/eyecatchercreations.nl\/wp-content\/uploads\/2019\/01\/IMG_1431-1024x682.jpg 1024w, https:\/\/eyecatchercreations.nl\/wp-content\/uploads\/2019\/01\/IMG_1431-750x500.jpg 750w, https:\/\/eyecatchercreations.nl\/wp-content\/uploads\/2019\/01\/IMG_1431-555x370.jpg 555w, https:\/\/eyecatchercreations.nl\/wp-content\/uploads\/2019\/01\/IMG_1431.jpg 1772w\" sizes=\"(max-width: 300px) 100vw, 300px\" \/><\/a>\n\t\t\t<\/div><\/figure>\n\t\t<\/div>\n\n<h3 style=\"text-align: center;\">Kunst muss nicht immer gro\u00df sein um Eindruck zu machen.<\/h3>\n<h4 style=\"text-align: center;\">Die kleinen Werke eignen sich prima als kleine Dekoration. Vielleicht auch als erster kleiner Teil deiner eigenen Kunstsammlung. Au\u00dferdem sind es fantastische Mitbringsel, anstelle des immer gleichen Blumstrausses oder einer Flasche Champus. Einfach mal etwas neues besonderes. Oder als kleine Geste zwischendurch.<\/h4>\n","protected":false},"excerpt":{"rendered":"<p>Nicht gen\u00fcgend Platz f\u00fcr ein gro\u00dfes Kunstwerk? Kein Problem. Hier findest du eine Auswahl von kleinen Werken, die mit ihren gerade mal 7x7cm sicher ein Pl\u00e4tzchen in deinem Zuhause finden. Kunst muss nicht immer gro\u00df sein um Eindruck zu machen. Die kleinen Werke eignen sich prima als kleine Dekoration. Vielleicht auch als erster kleiner Teil [&hellip;]<\/p>\n","protected":false},"author":1,"featured_media":0,"parent":0,"menu_order":0,"comment_status":"open","ping_status":"closed","template":"template-fullwidth.php","meta":[],"_links":{"self":[{"href":"https:\/\/eyecatchercreations.nl\/index.php?rest_route=\/wp\/v2\/pages\/14"}],"collection":[{"href":"https:\/\/eyecatchercreations.nl\/index.php?rest_route=\/wp\/v2\/pages"}],"about":[{"href":"https:\/\/eyecatchercreations.nl\/index.php?rest_route=\/wp\/v2\/types\/page"}],"author":[{"embeddable":true,"href":"https:\/\/eyecatchercreations.nl\/index.php?rest_route=\/wp\/v2\/users\/1"}],"replies":[{"embeddable":true,"href":"https:\/\/eyecatchercreations.nl\/index.php?rest_route=%2Fwp%2Fv2%2Fcomments&post=14"}],"version-history":[{"count":12,"href":"https:\/\/eyecatchercreations.nl\/index.php?rest_route=\/wp\/v2\/pages\/14\/revisions"}],"predecessor-version":[{"id":2740,"href":"https:\/\/eyecatchercreations.nl\/index.php?rest_route=\/wp\/v2\/pages\/14\/revisions\/2740"}],"wp:attachment":[{"href":"https:\/\/eyecatchercreations.nl\/index.php?rest_route=%2Fwp%2Fv2%2Fmedia&parent=14"}],"curies":[{"name":"wp","href":"https:\/\/api.w.org\/{rel}","templated":true}]}}